{"id":9,"date":"2022-12-23T17:56:40","date_gmt":"2022-12-23T17:56:40","guid":{"rendered":"https:\/\/www.lmb86.fr\/lycee\/?page_id=9"},"modified":"2025-07-17T21:18:47","modified_gmt":"2025-07-17T19:18:47","slug":"nous-contacter","status":"publish","type":"page","link":"https:\/\/www.lmb86.fr\/lycee\/nous-contacter\/","title":{"rendered":"Nous contacter"},"content":{"rendered":"\n<p><strong>Pour nous contacter : <\/strong><\/p>\n\n\n\n<h2 class=\"wp-block-heading has-large-font-size\">Le lyc\u00e9e : <\/h2>\n\n\n\n<p><strong>Adresse <\/strong>:  1 avenue du pr\u00e9sident Wilson <br>86100 Ch\u00e2tellerault<\/p>\n\n\n\n<p><strong>T\u00e9l\u00e9phone<\/strong> : +33 (0) 5.49.21.77.33<br>email : <a href=\"mailto:ce.0860003L@ac-poitiers.fr\" target=\"_blank\" rel=\"noreferrer noopener\">ce.0860003L@ac-poitiers.fr<\/a><\/p>\n\n\n\n<div class=\"wp-block-group has-global-padding is-content-justification-left is-layout-constrained wp-container-core-group-is-layout-12dd3699 wp-block-group-is-layout-constrained\">\n<h2 class=\"wp-block-heading has-large-font-size\">La Vie Scolaire<\/h2>\n\n\n\n<p> Pour joindre les C.P.E. , vous pouvez utiliser la<br>ligne directe : 05.49.21.98.22 <br>email : cpe@ml.lmb86.fr<br><\/p>\n<\/div>\n\n\n\n<div class=\"wp-block-group has-global-padding is-content-justification-left is-layout-constrained wp-container-core-group-is-layout-12dd3699 wp-block-group-is-layout-constrained\">\n<h2 class=\"wp-block-heading has-large-font-size\">L&rsquo;Infirmerie<\/h2>\n\n\n\n<p>Horaires d&rsquo;ouverture et ligne directe : <br>Lundi de 9h00 \u00e0 18h00<br>Mardi de 8h30 \u00e0 18h00<br>Mercredi de 8h00 \u00e0 12h00<br>Jeudi de 8h30 \u00e0 18h00<br>Vendredi de 8h00 \u00e0 16h00<br><strong>Ligne directe&nbsp;:<\/strong> 05 49 21 90 54<\/p>\n<\/div>\n\n\n\n<div class=\"wp-block-group has-global-padding is-content-justification-left is-layout-constrained wp-container-core-group-is-layout-12dd3699 wp-block-group-is-layout-constrained\">\n<h2 class=\"wp-block-heading has-large-font-size\">L&rsquo;Intendance<\/h2>\n\n\n\n<p>Pour toutes questions relatives<br>\u2022 aux frais de restauration (demi-pension) et d\u2019internat,<br>\u2022 aux paiements des bourses du 2d degr\u00e9 (bourses nationales et bourses au m\u00e9rite),<br>\u2022 aux versements des fonds sociaux,<br>\u2022 \u00e0 la participation financi\u00e8re des familles aux voyages scolaires (avec possibilit\u00e9 de r\u00e8glement en ch\u00e8ques vacances)<br>Horaires d\u2019ouverture&nbsp;: lundi-mardi-jeudi-vendredi&nbsp;: 7h45 \u00e0 17h30 \u2013 mercredi&nbsp;: 8h \u00e0 12h30<br><strong>Ligne directe<\/strong>&nbsp;: 05 49 21 83 00<\/p>\n<\/div>\n","protected":false},"excerpt":{"rendered":"<p>Pour nous contacter : Le lyc\u00e9e : Adresse : 1 avenue du pr\u00e9sident Wilson 86100 Ch\u00e2tellerault T\u00e9l\u00e9phone : +33 (0) 5.49.21.77.33email : ce.0860003L@ac-poitiers.fr La Vie Scolaire Pour joindre les C.P.E. , vous pouvez utiliser laligne directe : 05.49.21.98.22 email : cpe@ml.lmb86.fr L&rsquo;Infirmerie Horaires d&rsquo;ouverture et ligne directe : Lundi de 9h00 \u00e0 18h00Mardi de 8h30 [&hellip;]<\/p>\n","protected":false},"author":1,"featured_media":0,"parent":0,"menu_order":0,"comment_status":"closed","ping_status":"closed","template":"","meta":{"footnotes":""},"class_list":["post-9","page","type-page","status-publish","hentry"],"_links":{"self":[{"href":"https:\/\/www.lmb86.fr\/lycee\/wp-json\/wp\/v2\/pages\/9","targetHints":{"allow":["GET"]}}],"collection":[{"href":"https:\/\/www.lmb86.fr\/lycee\/wp-json\/wp\/v2\/pages"}],"about":[{"href":"https:\/\/www.lmb86.fr\/lycee\/wp-json\/wp\/v2\/types\/page"}],"author":[{"embeddable":true,"href":"https:\/\/www.lmb86.fr\/lycee\/wp-json\/wp\/v2\/users\/1"}],"replies":[{"embeddable":true,"href":"https:\/\/www.lmb86.fr\/lycee\/wp-json\/wp\/v2\/comments?post=9"}],"version-history":[{"count":5,"href":"https:\/\/www.lmb86.fr\/lycee\/wp-json\/wp\/v2\/pages\/9\/revisions"}],"predecessor-version":[{"id":1525,"href":"https:\/\/www.lmb86.fr\/lycee\/wp-json\/wp\/v2\/pages\/9\/revisions\/1525"}],"wp:attachment":[{"href":"https:\/\/www.lmb86.fr\/lycee\/wp-json\/wp\/v2\/media?parent=9"}],"curies":[{"name":"wp","href":"https:\/\/api.w.org\/{rel}","templated":true}]}}