{"id":6,"date":"2022-12-23T17:49:41","date_gmt":"2022-12-23T17:49:41","guid":{"rendered":"https:\/\/www.lmb86.fr\/lycee\/?page_id=6"},"modified":"2026-04-15T13:51:32","modified_gmt":"2026-04-15T11:51:32","slug":"titre-de-ma-page","status":"publish","type":"page","link":"https:\/\/www.lmb86.fr\/lycee\/","title":{"rendered":"Accueil"},"content":{"rendered":"\n<p class=\"has-text-align-center has-medium-font-size\"><br>Bienvenue au lyc\u00e9e Marcelin Berthelot de Ch\u00e2tellerault (86100) <\/p>\n\n\n\n<div style=\"height:36px\" aria-hidden=\"true\" class=\"wp-block-spacer\"><\/div>\n\n\n\n<hr class=\"wp-block-separator has-alpha-channel-opacity is-style-default\"\/>\n\n\n\n<div class=\"wp-block-columns is-layout-flex wp-container-core-columns-is-layout-28f84493 wp-block-columns-is-layout-flex\">\n<div class=\"wp-block-column is-vertically-aligned-center is-layout-flow wp-block-column-is-layout-flow\" style=\"flex-basis:33.33%\">\n<p class=\"has-vivid-red-color has-text-color has-background has-medium-font-size\" style=\"background:linear-gradient(135deg,rgba(252,252,0,0.77) 0%,rgb(223,255,0) 100%)\"><strong>Information Flash : <\/strong><\/p>\n<\/div>\n\n\n\n<div class=\"wp-block-column is-layout-flow wp-block-column-is-layout-flow\" style=\"flex-basis:66.66%\"><ul class=\"wp-block-latest-posts__list wp-block-latest-posts has-medium-font-size\"><li><a class=\"wp-block-latest-posts__post-title\" href=\"https:\/\/www.lmb86.fr\/lycee\/pas-de-flash-info-actuellement\/\">Pas de flash info actuellement<\/a><div class=\"wp-block-latest-posts__post-excerpt\">Pas de flash info actuellement sur notre site.<\/div><\/li>\n<\/ul><\/div>\n<\/div>\n\n\n\n<hr class=\"wp-block-separator has-alpha-channel-opacity is-style-default\"\/>\n\n\n\n<div class=\"wp-block-columns is-layout-flex wp-container-core-columns-is-layout-28f84493 wp-block-columns-is-layout-flex\">\n<div class=\"wp-block-column is-layout-flow wp-block-column-is-layout-flow\" style=\"flex-basis:33.33%\">\n<p>Notre derni\u00e8re actualit\u00e9 : <\/p>\n<\/div>\n\n\n\n<div class=\"wp-block-column is-layout-flow wp-block-column-is-layout-flow\" style=\"flex-basis:66.66%\"><ul class=\"wp-block-latest-posts__list wp-block-latest-posts has-medium-font-size\"><li><a class=\"wp-block-latest-posts__post-title\" href=\"https:\/\/www.lmb86.fr\/lycee\/portes-ouvertes-2026\/\">Portes Ouvertes 2026<\/a><div class=\"wp-block-latest-posts__post-excerpt\">&nbsp; L\u2019ensemble du personnel sera heureux d\u2019accueillir les futurs \u00e9l\u00e8ves et leur famille lors de notre journ\u00e9e Portes Ouvertes le&nbsp;: Samedi 31 Janvier 2026 de\u2026 <a class=\"wp-block-latest-posts__read-more\" href=\"https:\/\/www.lmb86.fr\/lycee\/portes-ouvertes-2026\/\" rel=\"noopener noreferrer\">Lire la suite<span class=\"screen-reader-text\">\u00a0: Portes Ouvertes 2026<\/span><\/a><\/div><\/li>\n<li><a class=\"wp-block-latest-posts__post-title\" href=\"https:\/\/www.lmb86.fr\/lycee\/journee-europeenne-des-langues-du-26-09-25\/\">Journ\u00e9e europ\u00e9enne des langues du 26-09-25<\/a><div class=\"wp-block-latest-posts__post-excerpt\">Vendredi 26 septembre 2025&nbsp;: Journ\u00e9e europ\u00e9enne des langues&nbsp; C\u2019est une journ\u00e9e qui permet de d\u00e9couvrir les langues et valoriser leur diversit\u00e9. A cette occasion, le\u2026 <a class=\"wp-block-latest-posts__read-more\" href=\"https:\/\/www.lmb86.fr\/lycee\/journee-europeenne-des-langues-du-26-09-25\/\" rel=\"noopener noreferrer\">Lire la suite<span class=\"screen-reader-text\">\u00a0: Journ\u00e9e europ\u00e9enne des langues du 26-09-25<\/span><\/a><\/div><\/li>\n<\/ul><\/div>\n<\/div>\n\n\n\n<hr class=\"wp-block-separator has-alpha-channel-opacity\"\/>\n\n\n\n<div style=\"height:100px\" aria-hidden=\"true\" class=\"wp-block-spacer\"><\/div>\n\n\n\n<p class=\"has-background\" style=\"background:linear-gradient(135deg,rgb(255,254,254) 0%,rgb(182,227,212) 50%,rgb(51,167,181) 95%)\"><br><strong>Nos derniers articles<\/strong> :<\/p>\n\n\n<ul class=\"wp-block-latest-posts__list is-grid columns-2 has-author wp-block-latest-posts has-medium-font-size\"><li><a class=\"wp-block-latest-posts__post-title\" href=\"https:\/\/www.lmb86.fr\/lycee\/portes-ouvertes-2026\/\">Portes Ouvertes 2026<\/a><div class=\"wp-block-latest-posts__post-author\">par Webmestre (S.D.)<\/div><div class=\"wp-block-latest-posts__post-excerpt\">&nbsp; L\u2019ensemble du personnel sera heureux d\u2019accueillir les futurs \u00e9l\u00e8ves et leur famille lors de notre journ\u00e9e Portes Ouvertes le&nbsp;: Samedi 31 Janvier 2026 de 09h00 \u00e0 12h00 et de 13h30 \u00e0 16h00 La visite de l&rsquo;\u00e9tablissement sera guid\u00e9e par nos \u00e9l\u00e8ves. Pr\u00e9sentation des options, des enseignements de sp\u00e9cialit\u00e9 et\u2026 <a class=\"wp-block-latest-posts__read-more\" href=\"https:\/\/www.lmb86.fr\/lycee\/portes-ouvertes-2026\/\" rel=\"noopener noreferrer\">Lire la suite<span class=\"screen-reader-text\">\u00a0: Portes Ouvertes 2026<\/span><\/a><\/div><\/li>\n<li><a class=\"wp-block-latest-posts__post-title\" href=\"https:\/\/www.lmb86.fr\/lycee\/rencontre-avec-deux-jeunes-realisateurs-italiens\/\">\u200bRencontre avec deux jeunes r\u00e9alisateurs italiens<\/a><div class=\"wp-block-latest-posts__post-author\">par Webmestre (S.D.)<\/div><div class=\"wp-block-latest-posts__post-excerpt\">\u200bRencontre avec deux jeunes r\u00e9alisateurs italiens dans le cadre du POITIERS FILM FESTIVAL \u200b Mardi 2 d\u00e9cembre 2025, les \u00e9l\u00e8ves italianisants de Premi\u00e8re et de Terminale LVB et LVC, accompagn\u00e9s de leur professeur d&rsquo;italien et de la professeur documentaliste, ont pu se rendre au TAP Cin\u00e9ma \u00e0 Poitiers pour assister\u2026 <a class=\"wp-block-latest-posts__read-more\" href=\"https:\/\/www.lmb86.fr\/lycee\/rencontre-avec-deux-jeunes-realisateurs-italiens\/\" rel=\"noopener noreferrer\">Lire la suite<span class=\"screen-reader-text\">\u00a0: \u200bRencontre avec deux jeunes r\u00e9alisateurs italiens<\/span><\/a><\/div><\/li>\n<li><a class=\"wp-block-latest-posts__post-title\" href=\"https:\/\/www.lmb86.fr\/lycee\/journee-europeenne-des-langues-du-26-09-25\/\">Journ\u00e9e europ\u00e9enne des langues du 26-09-25<\/a><div class=\"wp-block-latest-posts__post-author\">par Webmestre (S.D.)<\/div><div class=\"wp-block-latest-posts__post-excerpt\">Vendredi 26 septembre 2025&nbsp;: Journ\u00e9e europ\u00e9enne des langues&nbsp; C\u2019est une journ\u00e9e qui permet de d\u00e9couvrir les langues et valoriser leur diversit\u00e9. A cette occasion, le lyc\u00e9e Berthelot a organis\u00e9, lors d\u2019un apr\u00e8s midi banalis\u00e9, divers ateliers pour sensibiliser \u00e0 l\u2019apprentissage des langues et promouvoir son riche patrimoine linguistique. Tout d\u2019abord,\u2026 <a class=\"wp-block-latest-posts__read-more\" href=\"https:\/\/www.lmb86.fr\/lycee\/journee-europeenne-des-langues-du-26-09-25\/\" rel=\"noopener noreferrer\">Lire la suite<span class=\"screen-reader-text\">\u00a0: Journ\u00e9e europ\u00e9enne des langues du 26-09-25<\/span><\/a><\/div><\/li>\n<li><a class=\"wp-block-latest-posts__post-title\" href=\"https:\/\/www.lmb86.fr\/lycee\/tournoi-de-football-organise-par-la-classe-de-stmg\/\">Tournoi de football organis\u00e9 par la classe de STMG<\/a><div class=\"wp-block-latest-posts__post-author\">par Webmestre (S.D.)<\/div><div class=\"wp-block-latest-posts__post-excerpt\">Les matchs ont eu lieu dans le gymnase, devant un public nombreux et enthousiaste. Le vendredi 20 septembre, les \u00e9l\u00e8ves de la classe de STMG du lyc\u00e9e [Nom du lyc\u00e9e] ont organis\u00e9 un tournoi de football en salle qui a rassembl\u00e9 des dizaines d\u2019\u00e9l\u00e8ves, joueurs comme supporters. Une organisation r\u00e9ussie\u2026 <a class=\"wp-block-latest-posts__read-more\" href=\"https:\/\/www.lmb86.fr\/lycee\/tournoi-de-football-organise-par-la-classe-de-stmg\/\" rel=\"noopener noreferrer\">Lire la suite<span class=\"screen-reader-text\">\u00a0: Tournoi de football organis\u00e9 par la classe de STMG<\/span><\/a><\/div><\/li>\n<\/ul>","protected":false},"excerpt":{"rendered":"<p>Bienvenue au lyc\u00e9e Marcelin Berthelot de Ch\u00e2tellerault (86100) Information Flash : Notre derni\u00e8re actualit\u00e9 : Nos derniers articles :<\/p>\n","protected":false},"author":1,"featured_media":16,"parent":0,"menu_order":0,"comment_status":"closed","ping_status":"closed","template":"","meta":{"footnotes":""},"class_list":["post-6","page","type-page","status-publish","has-post-thumbnail","hentry"],"_links":{"self":[{"href":"https:\/\/www.lmb86.fr\/lycee\/wp-json\/wp\/v2\/pages\/6","targetHints":{"allow":["GET"]}}],"collection":[{"href":"https:\/\/www.lmb86.fr\/lycee\/wp-json\/wp\/v2\/pages"}],"about":[{"href":"https:\/\/www.lmb86.fr\/lycee\/wp-json\/wp\/v2\/types\/page"}],"author":[{"embeddable":true,"href":"https:\/\/www.lmb86.fr\/lycee\/wp-json\/wp\/v2\/users\/1"}],"replies":[{"embeddable":true,"href":"https:\/\/www.lmb86.fr\/lycee\/wp-json\/wp\/v2\/comments?post=6"}],"version-history":[{"count":12,"href":"https:\/\/www.lmb86.fr\/lycee\/wp-json\/wp\/v2\/pages\/6\/revisions"}],"predecessor-version":[{"id":1618,"href":"https:\/\/www.lmb86.fr\/lycee\/wp-json\/wp\/v2\/pages\/6\/revisions\/1618"}],"wp:featuredmedia":[{"embeddable":true,"href":"https:\/\/www.lmb86.fr\/lycee\/wp-json\/wp\/v2\/media\/16"}],"wp:attachment":[{"href":"https:\/\/www.lmb86.fr\/lycee\/wp-json\/wp\/v2\/media?parent=6"}],"curies":[{"name":"wp","href":"https:\/\/api.w.org\/{rel}","templated":true}]}}

<p class="has-text-align-center has-medium-font-size"><br>Bienvenue au lycée Marcelin Berthelot de Châtellerault (86100) </p>



<div style="height:36px" aria-hidden="true" class="wp-block-spacer"></div>



<hr class="wp-block-separator has-alpha-channel-opacity is-style-default"/>



<div class="wp-block-columns is-layout-flex wp-container-core-columns-is-layout-28f84493 wp-block-columns-is-layout-flex">
<div class="wp-block-column is-vertically-aligned-center is-layout-flow wp-block-column-is-layout-flow" style="flex-basis:33.33%">
<p class="has-vivid-red-color has-text-color has-background has-medium-font-size" style="background:linear-gradient(135deg,rgba(252,252,0,0.77) 0%,rgb(223,255,0) 100%)"><strong>Information Flash : </strong></p>
</div>



<div class="wp-block-column is-layout-flow wp-block-column-is-layout-flow" style="flex-basis:66.66%"><ul class="wp-block-latest-posts__list wp-block-latest-posts has-medium-font-size"><li><a class="wp-block-latest-posts__post-title" href="https://www.lmb86.fr/lycee/pas-de-flash-info-actuellement/">Pas de flash info actuellement</a><div class="wp-block-latest-posts__post-excerpt">Pas de flash info actuellement sur notre site.</div></li>
</ul></div>
</div>



<hr class="wp-block-separator has-alpha-channel-opacity is-style-default"/>



<div class="wp-block-columns is-layout-flex wp-container-core-columns-is-layout-28f84493 wp-block-columns-is-layout-flex">
<div class="wp-block-column is-layout-flow wp-block-column-is-layout-flow" style="flex-basis:33.33%">
<p>Notre dernière actualité : </p>
</div>



<div class="wp-block-column is-layout-flow wp-block-column-is-layout-flow" style="flex-basis:66.66%"><ul class="wp-block-latest-posts__list wp-block-latest-posts has-medium-font-size"><li><a class="wp-block-latest-posts__post-title" href="https://www.lmb86.fr/lycee/portes-ouvertes-2026/">Portes Ouvertes 2026</a><div class="wp-block-latest-posts__post-excerpt">&nbsp; L’ensemble du personnel sera heureux d’accueillir les futurs élèves et leur famille lors de notre journée Portes Ouvertes le&nbsp;: Samedi 31 Janvier 2026 de… <a class="wp-block-latest-posts__read-more" href="https://www.lmb86.fr/lycee/portes-ouvertes-2026/" rel="noopener noreferrer">Lire la suite<span class="screen-reader-text"> : Portes Ouvertes 2026</span></a></div></li>
<li><a class="wp-block-latest-posts__post-title" href="https://www.lmb86.fr/lycee/journee-europeenne-des-langues-du-26-09-25/">Journée européenne des langues du 26-09-25</a><div class="wp-block-latest-posts__post-excerpt">Vendredi 26 septembre 2025&nbsp;: Journée européenne des langues&nbsp; C’est une journée qui permet de découvrir les langues et valoriser leur diversité. A cette occasion, le… <a class="wp-block-latest-posts__read-more" href="https://www.lmb86.fr/lycee/journee-europeenne-des-langues-du-26-09-25/" rel="noopener noreferrer">Lire la suite<span class="screen-reader-text"> : Journée européenne des langues du 26-09-25</span></a></div></li>
</ul></div>
</div>



<hr class="wp-block-separator has-alpha-channel-opacity"/>



<div style="height:100px" aria-hidden="true" class="wp-block-spacer"></div>



<p class="has-background" style="background:linear-gradient(135deg,rgb(255,254,254) 0%,rgb(182,227,212) 50%,rgb(51,167,181) 95%)"><br><strong>Nos derniers articles</strong> :</p>


<ul class="wp-block-latest-posts__list is-grid columns-2 has-author wp-block-latest-posts has-medium-font-size"><li><a class="wp-block-latest-posts__post-title" href="https://www.lmb86.fr/lycee/portes-ouvertes-2026/">Portes Ouvertes 2026</a><div class="wp-block-latest-posts__post-author">par Webmestre (S.D.)</div><div class="wp-block-latest-posts__post-excerpt">&nbsp; L’ensemble du personnel sera heureux d’accueillir les futurs élèves et leur famille lors de notre journée Portes Ouvertes le&nbsp;: Samedi 31 Janvier 2026 de 09h00 à 12h00 et de 13h30 à 16h00 La visite de l&rsquo;établissement sera guidée par nos élèves. Présentation des options, des enseignements de spécialité et… <a class="wp-block-latest-posts__read-more" href="https://www.lmb86.fr/lycee/portes-ouvertes-2026/" rel="noopener noreferrer">Lire la suite<span class="screen-reader-text"> : Portes Ouvertes 2026</span></a></div></li>
<li><a class="wp-block-latest-posts__post-title" href="https://www.lmb86.fr/lycee/rencontre-avec-deux-jeunes-realisateurs-italiens/">​Rencontre avec deux jeunes réalisateurs italiens</a><div class="wp-block-latest-posts__post-author">par Webmestre (S.D.)</div><div class="wp-block-latest-posts__post-excerpt">​Rencontre avec deux jeunes réalisateurs italiens dans le cadre du POITIERS FILM FESTIVAL ​ Mardi 2 décembre 2025, les élèves italianisants de Première et de Terminale LVB et LVC, accompagnés de leur professeur d&rsquo;italien et de la professeur documentaliste, ont pu se rendre au TAP Cinéma à Poitiers pour assister… <a class="wp-block-latest-posts__read-more" href="https://www.lmb86.fr/lycee/rencontre-avec-deux-jeunes-realisateurs-italiens/" rel="noopener noreferrer">Lire la suite<span class="screen-reader-text"> : ​Rencontre avec deux jeunes réalisateurs italiens</span></a></div></li>
<li><a class="wp-block-latest-posts__post-title" href="https://www.lmb86.fr/lycee/journee-europeenne-des-langues-du-26-09-25/">Journée européenne des langues du 26-09-25</a><div class="wp-block-latest-posts__post-author">par Webmestre (S.D.)</div><div class="wp-block-latest-posts__post-excerpt">Vendredi 26 septembre 2025&nbsp;: Journée européenne des langues&nbsp; C’est une journée qui permet de découvrir les langues et valoriser leur diversité. A cette occasion, le lycée Berthelot a organisé, lors d’un après midi banalisé, divers ateliers pour sensibiliser à l’apprentissage des langues et promouvoir son riche patrimoine linguistique. Tout d’abord,… <a class="wp-block-latest-posts__read-more" href="https://www.lmb86.fr/lycee/journee-europeenne-des-langues-du-26-09-25/" rel="noopener noreferrer">Lire la suite<span class="screen-reader-text"> : Journée européenne des langues du 26-09-25</span></a></div></li>
<li><a class="wp-block-latest-posts__post-title" href="https://www.lmb86.fr/lycee/tournoi-de-football-organise-par-la-classe-de-stmg/">Tournoi de football organisé par la classe de STMG</a><div class="wp-block-latest-posts__post-author">par Webmestre (S.D.)</div><div class="wp-block-latest-posts__post-excerpt">Les matchs ont eu lieu dans le gymnase, devant un public nombreux et enthousiaste. Le vendredi 20 septembre, les élèves de la classe de STMG du lycée [Nom du lycée] ont organisé un tournoi de football en salle qui a rassemblé des dizaines d’élèves, joueurs comme supporters. Une organisation réussie… <a class="wp-block-latest-posts__read-more" href="https://www.lmb86.fr/lycee/tournoi-de-football-organise-par-la-classe-de-stmg/" rel="noopener noreferrer">Lire la suite<span class="screen-reader-text"> : Tournoi de football organisé par la classe de STMG</span></a></div></li>
</ul>

<p>Bienvenue au lycée Marcelin Berthelot de Châtellerault (86100) Information Flash : Notre dernière actualité : Nos derniers articles :</p>
